{"id":5711,"date":"2024-06-04T07:15:50","date_gmt":"2024-06-04T07:15:50","guid":{"rendered":"https:\/\/la-starna.com\/?page_id=5711"},"modified":"2024-07-18T16:08:33","modified_gmt":"2024-07-18T16:08:33","slug":"consigli","status":"publish","type":"page","link":"https:\/\/la-starna.com\/?page_id=5711","title":{"rendered":"Consigli"},"content":{"rendered":"\t\t<div data-elementor-type=\"wp-page\" data-elementor-id=\"5711\" class=\"elementor elementor-5711\">\n\t\t\t\t<div class=\"elementor-element elementor-element-aea0ecf e-flex e-con-boxed e-con e-parent\" data-id=\"aea0ecf\" data-element_type=\"container\">\n\t\t\t\t\t<div class=\"e-con-inner\">\n\t\t\t\t<div class=\"elementor-element elementor-element-7e724e9 elementor-widget elementor-widget-naturofeatures\" data-id=\"7e724e9\" data-element_type=\"widget\" data-widget_type=\"naturofeatures.default\">\n\t\t\t\t<div class=\"elementor-widget-container\">\n\t\t\t\t\t<!------------------------------- Features Area start -------------------------------><div class=\"vs-how-we-work-wrapper\"><div class=\"container\"><div class=\"row\"><div class=\"col-lg-5 col-md-6\"><div class=\"feature-box overflow-hidden mb-30\"><div class=\"feature-content\"><h5 class=\"semi-title fw-medium mb-10\"><a href=\"#\">Passaporto <\/a><\/h5><p class=\"text-body2 fw-light mb-lg-10\">Per recarsi in Serbia non \u00e8 pi\u00f9 necessario il visto sul passaporto. E\u2019 sufficiente esibire il passaporto o la carta d\u2019identit\u00e0 e una nostra lettera d\u2019invito.<\/p><\/div><\/div><\/div><div class=\"col-lg-5 col-md-6\"><div class=\"feature-box overflow-hidden mb-30\"><div class=\"feature-content\"><h5 class=\"semi-title fw-medium mb-10\"><a href=\"#\">Valuta<\/a><\/h5><p class=\"text-body2 fw-light mb-lg-10\">L\u2019unit\u00e0 monetaria serba \u00e8 il Dinaro ed \u00e8 accettato anche il pagamento in euro. La Serbia non limita l\u2019importazione e l\u2019esportazione di altre valute.<\/p><\/div><\/div><\/div><div class=\"col-lg-5 col-md-6\"><div class=\"feature-box overflow-hidden mb-30\"><div class=\"feature-content\"><h5 class=\"semi-title fw-medium mb-10\"><a href=\"#\">Strade<\/a><\/h5><p class=\"text-body2 fw-light mb-lg-10\">Tutte le strade principali sono asfaltate. Ha validit\u00e0 la carta verde valida per l\u2019anno in corso anche in Italia. Armi Il cacciatore pu\u00f2 esportare temporaneamente uno o due fucili purch\u00e9 di diverso calibro e deve essere provvisto della \u201ccarta europea\u201d. Tutte le frontiere fanno pagare una somma per il transito dell\u2019arma. Si consiglia di prendere l\u2019arma in affitto a agenzia La Starna.<\/p><\/div><\/div><\/div><div class=\"col-lg-5 col-md-6\"><div class=\"feature-box overflow-hidden mb-30\"><div class=\"feature-content\"><h5 class=\"semi-title fw-medium mb-10\"><a href=\"#\">Munizioni<\/a><\/h5><p class=\"text-body2 fw-light mb-lg-10\">La dogana serba consente l\u2019importazione di 200 cartucce insieme all\u2019arma. Il socio che rimane privo di munizioni oltre le 200 cartucce ammesse dalla questura, trova c\/o l\u2019agenzia su ordinazione cartucce italiane e serbe di cal. 20 e cal. 16 e 12 con pallini richiesti, al prezzo che praticano le armerie locali.<\/p><\/div><\/div><\/div><div class=\"col-lg-5 col-md-6\"><div class=\"feature-box overflow-hidden mb-30\"><div class=\"feature-content\"><h5 class=\"semi-title fw-medium mb-10\"><a href=\"#\">Fucili<\/a><\/h5><p class=\"text-body2 fw-light mb-lg-10\">Si possono trovare in loco fucili automatici, sovrapposti e doppiette. Per l\u2019affitto dell\u2019arma necessita la licenza di caccia.<\/p><\/div><\/div><\/div><div class=\"col-lg-5 col-md-6\"><div class=\"feature-box overflow-hidden mb-30\"><div class=\"feature-content\"><h5 class=\"semi-title fw-medium mb-10\"><a href=\"#\">Cani<\/a><\/h5><p class=\"text-body2 fw-light mb-lg-10\">Per l\u2019introduzione dei cani in Serbia \u00e8 necessario munirsi di \u201cpassaporto europeo\u201d compreso di antirabbica e di un recentissimo certificato veterinario di buona salute, rilasciato al massimo 15 giorni prima dell\u2019entrata in Serbia.<\/p><\/div><\/div><\/div><div class=\"col-lg-5 col-md-6\"><div class=\"feature-box overflow-hidden mb-30\"><div class=\"feature-content\"><h5 class=\"semi-title fw-medium mb-10\"><a href=\"#\">Richiesto<\/a><\/h5><p class=\"text-body2 fw-light mb-lg-10\">Per cacciare \u00e8 obbligattorio mandare 15 giornni prima, per e-mail o per fax la documentazzione seguente:\n\n        Fotocopia porto d\u2019armi o licenza di caccia,\n        Nome, cognome, serie e nr. passaporto,\n        Descrizione armi: marca, calibro, matricola: il fucile deve essere accompagnato dalla \u201ccarta europea\u201d,\n        Data di ingresso.\n<\/p><\/div><\/div><\/div><div class=\"col-lg-5 col-md-6\"><div class=\"feature-box overflow-hidden mb-30\"><div class=\"feature-content\"><h5 class=\"semi-title fw-medium mb-10\"><a href=\"#\">L\u2019informazione su come portare gli armi nella Repubblica di Serbia<\/a><\/h5><p class=\"text-body2 fw-light mb-lg-10\">Tutti i nostri ospiti che cacciano nel territorio della Serbia e Vojvodina, hanno il diritto di utilizzare i nostri fucili da caccia dal gennaio del 2014.: Benelli, Beretta, Breda, Franchi, senza alcun compenso monetario.\n\nAbbiamo deciso di fare questo passo in modo di velocizzare e facilitare l\u2019arrivo dei nostri ospiti.\n\nGli ospiti che vogliono cacciare soltanto con le loro armi devono ricevere \u201cla lettera d\u2019invito\u201d da noi, la quale mostrano alla polizia di Frontiera quando entrano in Serbia.\n\nSi paga la tassa di 20\u20ac per fucile.\n\nOgni cacciatore \u00e8 libero di portare con se 250 cartucce per ogni giorno di caccia in Serbia. Il limite \u00e8 1000 cartucce. Il limite delle palle per la carabina \u00e8 20.\n\nPer affittare le armi nella nostra organizzazione sono necessari i seguenti documenti:\n\n        passaporto o carta d\u2019intentita,\n        licenza per la caccia,\n        porto d\u2019armi.\n<\/p><\/div><\/div><\/div><\/div><\/div><\/div>\t\t\t\t<\/div>\n\t\t\t\t<\/div>\n\t\t\t\t\t<\/div>\n\t\t\t\t<\/div>\n\t\t\t\t<\/div>\n\t\t","protected":false},"excerpt":{"rendered":"<p>Passaporto Per recarsi in Serbia non \u00e8 pi\u00f9 necessario il visto sul passaporto. E\u2019 sufficiente esibire il passaporto o la carta d\u2019identit\u00e0 e una nostra lettera d\u2019invito. Valuta L\u2019unit\u00e0 monetaria serba \u00e8 il Dinaro ed \u00e8 accettato anche il pagamento in euro. La Serbia non limita l\u2019importazione e l\u2019esportazione di altre valute. Strade Tutte le&#8230;<\/p>\n","protected":false},"author":1,"featured_media":0,"parent":0,"menu_order":0,"comment_status":"closed","ping_status":"closed","template":"","meta":{"_glsr_average":0,"_glsr_ranking":0,"_glsr_reviews":0,"footnotes":""},"class_list":["post-5711","page","type-page","status-publish","hentry"],"yoast_head":"<!-- This site is optimized with the Yoast SEO plugin v24.3 - https:\/\/yoast.com\/wordpress\/plugins\/seo\/ -->\n<title>Consigli - La Starna<\/title>\n<meta name=\"robots\" content=\"index, follow, max-snippet:-1, max-image-preview:large, max-video-preview:-1\" \/>\n<link rel=\"canonical\" href=\"https:\/\/la-starna.com\/?page_id=5711\" \/>\n<meta property=\"og:locale\" content=\"en_US\" \/>\n<meta property=\"og:type\" content=\"article\" \/>\n<meta property=\"og:title\" content=\"Consigli - La Starna\" \/>\n<meta property=\"og:description\" content=\"Passaporto Per recarsi in Serbia non \u00e8 pi\u00f9 necessario il visto sul passaporto. E\u2019 sufficiente esibire il passaporto o la carta d\u2019identit\u00e0 e una nostra lettera d\u2019invito. Valuta L\u2019unit\u00e0 monetaria serba \u00e8 il Dinaro ed \u00e8 accettato anche il pagamento in euro. La Serbia non limita l\u2019importazione e l\u2019esportazione di altre valute. Strade Tutte le...\" \/>\n<meta property=\"og:url\" content=\"https:\/\/la-starna.com\/?page_id=5711\" \/>\n<meta property=\"og:site_name\" content=\"La Starna\" \/>\n<meta property=\"article:publisher\" content=\"https:\/\/www.facebook.com\/lastarna\/\" \/>\n<meta property=\"article:modified_time\" content=\"2024-07-18T16:08:33+00:00\" \/>\n<meta property=\"og:image\" content=\"https:\/\/la-starna.com\/wp-content\/uploads\/2023\/09\/IDJ_0593-1.jpg\" \/>\n\t<meta property=\"og:image:width\" content=\"1152\" \/>\n\t<meta property=\"og:image:height\" content=\"768\" \/>\n\t<meta property=\"og:image:type\" content=\"image\/jpeg\" \/>\n<meta name=\"twitter:card\" content=\"summary_large_image\" \/>\n<meta name=\"twitter:label1\" content=\"Est. reading time\" \/>\n\t<meta name=\"twitter:data1\" content=\"2 minutes\" \/>\n<script type=\"application\/ld+json\" class=\"yoast-schema-graph\">{\"@context\":\"https:\/\/schema.org\",\"@graph\":[{\"@type\":\"WebPage\",\"@id\":\"https:\/\/la-starna.com\/?page_id=5711\",\"url\":\"https:\/\/la-starna.com\/?page_id=5711\",\"name\":\"Consigli - La Starna\",\"isPartOf\":{\"@id\":\"https:\/\/la-starna.com\/#website\"},\"datePublished\":\"2024-06-04T07:15:50+00:00\",\"dateModified\":\"2024-07-18T16:08:33+00:00\",\"breadcrumb\":{\"@id\":\"https:\/\/la-starna.com\/?page_id=5711#breadcrumb\"},\"inLanguage\":\"en-US\",\"potentialAction\":[{\"@type\":\"ReadAction\",\"target\":[\"https:\/\/la-starna.com\/?page_id=5711\"]}]},{\"@type\":\"BreadcrumbList\",\"@id\":\"https:\/\/la-starna.com\/?page_id=5711#breadcrumb\",\"itemListElement\":[{\"@type\":\"ListItem\",\"position\":1,\"name\":\"Home\",\"item\":\"https:\/\/la-starna.com\/\"},{\"@type\":\"ListItem\",\"position\":2,\"name\":\"Consigli\"}]},{\"@type\":\"WebSite\",\"@id\":\"https:\/\/la-starna.com\/#website\",\"url\":\"https:\/\/la-starna.com\/\",\"name\":\"Centro caccia La Starna\",\"description\":\"Il centro di caccia \u201cLa Starna\u201d\",\"publisher\":{\"@id\":\"https:\/\/la-starna.com\/#organization\"},\"alternateName\":\"Il centro di caccia La Starna\",\"potentialAction\":[{\"@type\":\"SearchAction\",\"target\":{\"@type\":\"EntryPoint\",\"urlTemplate\":\"https:\/\/la-starna.com\/?s={search_term_string}\"},\"query-input\":{\"@type\":\"PropertyValueSpecification\",\"valueRequired\":true,\"valueName\":\"search_term_string\"}}],\"inLanguage\":\"en-US\"},{\"@type\":\"Organization\",\"@id\":\"https:\/\/la-starna.com\/#organization\",\"name\":\"Il centro di caccia La Starna\",\"alternateName\":\"La Starna Blace\",\"url\":\"https:\/\/la-starna.com\/\",\"logo\":{\"@type\":\"ImageObject\",\"inLanguage\":\"en-US\",\"@id\":\"https:\/\/la-starna.com\/#\/schema\/logo\/image\/\",\"url\":\"https:\/\/la-starna.com\/wp-content\/uploads\/2023\/06\/logo-la-starna-e1717317978163.png\",\"contentUrl\":\"https:\/\/la-starna.com\/wp-content\/uploads\/2023\/06\/logo-la-starna-e1717317978163.png\",\"width\":200,\"height\":80,\"caption\":\"Il centro di caccia La Starna\"},\"image\":{\"@id\":\"https:\/\/la-starna.com\/#\/schema\/logo\/image\/\"},\"sameAs\":[\"https:\/\/www.facebook.com\/lastarna\/\"]}]}<\/script>\n<!-- \/ Yoast SEO plugin. -->","yoast_head_json":{"title":"Consigli - La Starna","robots":{"index":"index","follow":"follow","max-snippet":"max-snippet:-1","max-image-preview":"max-image-preview:large","max-video-preview":"max-video-preview:-1"},"canonical":"https:\/\/la-starna.com\/?page_id=5711","og_locale":"en_US","og_type":"article","og_title":"Consigli - La Starna","og_description":"Passaporto Per recarsi in Serbia non \u00e8 pi\u00f9 necessario il visto sul passaporto. E\u2019 sufficiente esibire il passaporto o la carta d\u2019identit\u00e0 e una nostra lettera d\u2019invito. Valuta L\u2019unit\u00e0 monetaria serba \u00e8 il Dinaro ed \u00e8 accettato anche il pagamento in euro. La Serbia non limita l\u2019importazione e l\u2019esportazione di altre valute. Strade Tutte le...","og_url":"https:\/\/la-starna.com\/?page_id=5711","og_site_name":"La Starna","article_publisher":"https:\/\/www.facebook.com\/lastarna\/","article_modified_time":"2024-07-18T16:08:33+00:00","og_image":[{"width":1152,"height":768,"url":"https:\/\/la-starna.com\/wp-content\/uploads\/2023\/09\/IDJ_0593-1.jpg","type":"image\/jpeg"}],"twitter_card":"summary_large_image","twitter_misc":{"Est. reading time":"2 minutes"},"schema":{"@context":"https:\/\/schema.org","@graph":[{"@type":"WebPage","@id":"https:\/\/la-starna.com\/?page_id=5711","url":"https:\/\/la-starna.com\/?page_id=5711","name":"Consigli - La Starna","isPartOf":{"@id":"https:\/\/la-starna.com\/#website"},"datePublished":"2024-06-04T07:15:50+00:00","dateModified":"2024-07-18T16:08:33+00:00","breadcrumb":{"@id":"https:\/\/la-starna.com\/?page_id=5711#breadcrumb"},"inLanguage":"en-US","potentialAction":[{"@type":"ReadAction","target":["https:\/\/la-starna.com\/?page_id=5711"]}]},{"@type":"BreadcrumbList","@id":"https:\/\/la-starna.com\/?page_id=5711#breadcrumb","itemListElement":[{"@type":"ListItem","position":1,"name":"Home","item":"https:\/\/la-starna.com\/"},{"@type":"ListItem","position":2,"name":"Consigli"}]},{"@type":"WebSite","@id":"https:\/\/la-starna.com\/#website","url":"https:\/\/la-starna.com\/","name":"Centro caccia La Starna","description":"Il centro di caccia \u201cLa Starna\u201d","publisher":{"@id":"https:\/\/la-starna.com\/#organization"},"alternateName":"Il centro di caccia La Starna","potentialAction":[{"@type":"SearchAction","target":{"@type":"EntryPoint","urlTemplate":"https:\/\/la-starna.com\/?s={search_term_string}"},"query-input":{"@type":"PropertyValueSpecification","valueRequired":true,"valueName":"search_term_string"}}],"inLanguage":"en-US"},{"@type":"Organization","@id":"https:\/\/la-starna.com\/#organization","name":"Il centro di caccia La Starna","alternateName":"La Starna Blace","url":"https:\/\/la-starna.com\/","logo":{"@type":"ImageObject","inLanguage":"en-US","@id":"https:\/\/la-starna.com\/#\/schema\/logo\/image\/","url":"https:\/\/la-starna.com\/wp-content\/uploads\/2023\/06\/logo-la-starna-e1717317978163.png","contentUrl":"https:\/\/la-starna.com\/wp-content\/uploads\/2023\/06\/logo-la-starna-e1717317978163.png","width":200,"height":80,"caption":"Il centro di caccia La Starna"},"image":{"@id":"https:\/\/la-starna.com\/#\/schema\/logo\/image\/"},"sameAs":["https:\/\/www.facebook.com\/lastarna\/"]}]}},"lang":"it","translations":{"it":5711,"en":6385,"de":6646,"fr":6797,"es":6925},"pll_sync_post":[],"_links":{"self":[{"href":"https:\/\/la-starna.com\/index.php?rest_route=\/wp\/v2\/pages\/5711","targetHints":{"allow":["GET"]}}],"collection":[{"href":"https:\/\/la-starna.com\/index.php?rest_route=\/wp\/v2\/pages"}],"about":[{"href":"https:\/\/la-starna.com\/index.php?rest_route=\/wp\/v2\/types\/page"}],"author":[{"embeddable":true,"href":"https:\/\/la-starna.com\/index.php?rest_route=\/wp\/v2\/users\/1"}],"replies":[{"embeddable":true,"href":"https:\/\/la-starna.com\/index.php?rest_route=%2Fwp%2Fv2%2Fcomments&post=5711"}],"version-history":[{"count":19,"href":"https:\/\/la-starna.com\/index.php?rest_route=\/wp\/v2\/pages\/5711\/revisions"}],"predecessor-version":[{"id":6645,"href":"https:\/\/la-starna.com\/index.php?rest_route=\/wp\/v2\/pages\/5711\/revisions\/6645"}],"wp:attachment":[{"href":"https:\/\/la-starna.com\/index.php?rest_route=%2Fwp%2Fv2%2Fmedia&parent=5711"}],"curies":[{"name":"wp","href":"https:\/\/api.w.org\/{rel}","templated":true}]}}